e u(p).
30
Let y(o) = 1. Let s(f) = -4*f + 7. Let j(c) = -s(c) + 6*y(c). Let g be 2 + (-6 - (-6 - -3)). Let d be (-4)/6 - g/(-3). Determine j(d).
-5
Let q(g) = -g**3 + 10*g**2 + 16*g - 58. Let p be q(11). Let j(o) = -o - 3. Calculate j(p).
0
Let x(n) = 2*n**2 + 2*n + 1. Let h = 4 + -6. Give x(h).
5
Let c(p) = 4*p**3 - 8*p**2 - 10. Let w(n) = n**3 - n**2 - n - 1. Let v(d) = -c(d) + 3*w(d). Suppose -5*g + 120 = -2*g. Suppose -g = -10*u + 2*u. Give v(u).
-8
Let a(p) = -p + 7. Suppose 2*f + 96 = 6*f. Suppose 0 = -3*h + 4*x + 18, -h + 3*h - 12 = -5*x. Suppose 2*i - h*i = -f. Calculate a(i).
1
Let b = -922 - -922. Let o(a) be the first derivative of 2 - 1/3*a**3 + b*a + a**2. Determine o(4).
-8
Let n = -5 + 10. Suppose 2 = -n*s + 6*s. Let h(w) = -7 + w - 5 + w**3 + 1 + w**s. Give h(0).
-11
Suppose -19*k - 102 = 50. Let l(n) = -n**2 - 11*n - 9. Determine l(k).
15
Let h(u) = -u**3 - 2*u**2. Let w = -527 + 526. Determine h(w).
-1
Let p(x) = -x + 6. Let s(v) = 3*v - 5 + 41*v**2 - 38*v**2 + 12. Let n be s(-3). Suppose 8*t - n = 3*t. Determine p(t).
1
Let s(k) = k**2 - 7*k - 5. Let z be s(8). Suppose 0 = -3*t - z - 3. Let u(m) be the third derivative of -m**4/6 + m**3/6 - m**2. Give u(t).
9
Suppose 117*w - 128*w = -11. Let q(o) = 30*o**3 - o**2 - o + 1. Give q(w).
29
Let o = -494 + 494. Let w(u) = 11 - 4*u**3 - 17 + 3*u**3. Calculate w(o).
-6
Suppose -7*t + 5*t = -6. Suppose 10 = t*n - 2*n - 2*x, 10 = -n - 3*x. Let q(u) = -2*u**2 + 7*u + 0*u**2 + u**n + 4. Determine q(6).
10
Let q(v) = 1775*v. Let y(w) = 48*w. Let r(x) = -2*q(x) + 75*y(x). Give r(1).
50
Let g(m) = m - 4. Let d be ((-12)/2)/2 + 34. Let s = d - 27. Let w be g(s). Let q(l) = -l**3 - l + 14. Determine q(w).
14
Let l be 47 + 7 + 2 + -5. Suppose -q - 4*a = 3*q + 68, -3*q - l = -4*a. Let k = 16 + q. Let g(h) = -h**2 - 2*h - 1. Give g(k).
0
Suppose -4*b - 8 = -4*q, -b + 3*q - 5 = -q. Let p be 4/(16/28) + -2. Let f(i) = -3*i + 3*i - p*i. Determine f(b).
5
Let h(i) = i**3 - 6*i**2 - 7*i + 4. Suppose c - 1 = 2. Let d be c*(-32)/12*7. Let o be (3/6)/((-4)/d). Calculate h(o).
4
Let i = 11 - -7. Suppose x = 4*x - i. Suppose x*l - 2*l = 0. Let p(o) = o**3 + o**2 - 6. Give p(l).
-6
Let i(k) = 4*k**2 + 2*k + 1. Suppose -5*t - 4 = -4*z, -3*t = z - 6*t - 1. Let a = z + -4. Let d be (-3)/a + (-2 - 1). What is i(d)?
13
Suppose -92*a = -96*a + 48. Let f(d) = 2*d - 20. Give f(a).
4
Let v(i) = i**2 + 28*i + 8. Let x be v(-28). Let k(m) = m + 3. Determine k(x).
11
Suppose 0 = 2*q + 3*q + 4*z - 73, 33 = 3*q - 3*z. Let x(a) = a**3 - 14*a**2 + 13*a - 4. Give x(q).
-4
Let s(p) = -p + 8. Suppose 0 = -3*a - 50 + 41. Let w(o) = o - 1. Let n(v) = -v - 1. Let j(t) = n(t) - w(t). Let d be j(a). What is s(d)?
2
Let j(d) = -9*d**3 - 17*d**2 + 6*d + 17. Let b(s) = -2*s**3 - s**2 + s. Let z(p) = 4*b(p) - j(p). What is z(-13)?
9
Let k(s) = -27*s - 1. Suppose -3*g + 2*q = 5, 5*q - 3 = 10*g - 12*g. Determine k(g).
26
Let s = -10 + 13. Suppose -3*h - 6 = s*d, -7 = -3*d - 22. Let x(l) = -l + 3 + h - 4. Calculate x(4).
-2
Let z(t) = -2*t**2 - 7*t - 10. Suppose 35*k + 159 = -18*k. Calculate z(k).
-7
Let q(d) be the third derivative of -d**7/2520 + d**6/144 - 11*d**5/60 + d**2. Let y(t) be the third derivative of q(t). Let z be 9/2 + (-1)/2. Calculate y(z).
-3
Let a(g) = -g - 1. Suppose 3 + 6 = 3*w. Suppose -3*d = 4*u - 38 + 7, 7 = -d + w*u. Give a(d).
-6
Let o(h) = 1 + 5*h**2 - 6*h**2 - h**2 - 16*h**3. Suppose 7 = -22*k + 17*k + 2*t, 0 = -5*k - 3*t - 2. Determine o(k).
15
Let c(v) = 2*v**3 - v**2 + 4. Let z(m) = m**2 + 14*m - 53. Let b be z(-17). What is c(b)?
-16
Let j(t) = 7*t**3 - 15*t**2 - 11*t + 1. Let b(s) = 3*s**3 - 7*s**2 - 5*s + 1. Let i(d) = 9*b(d) - 4*j(d). What is i(-4)?
25
Let v = -11 - -15. Let i(c) = 32*c - 15. Let x(h) = -51*h + 23. Let l(m) = 8*i(m) + 5*x(m). What is l(v)?
-1
Let t(c) be the second derivative of -c**3/6 + 23*c**2/2 + 10*c - 9. Determine t(0).
23
Suppose -2*u + 3*u = 0. Suppose 3*m + m - 20 = u. Let b(n) = 13*n**2 - 14*n**2 - m + 14. Determine b(0).
9
Let o(r) = -19*r - 7. Let n(f) = -7*f - 2. Let u(t) = -8*n(t) + 3*o(t). Calculate u(7).
-12
Let g be 36/(-24) - 14/4. Let c(x) = 4*x - 1. Let y(k) = 4*k - 1. Let z(i) = g*c(i) + 4*y(i). What is z(-1)?
5
Let m(y) = -y**2 + 7*y - 4. Let d be m(6). Let f(p) be the second derivative of p**5/10 - p**4/6 + p**3/3 - p**2 - p + 96. Give f(d).
10
Let j(v) be the first derivative of v**5/60 + 4*v**3/3 + 21. Let c(q) be the third derivative of j(q). Calculate c(-3).
-6
Let a(i) be the second derivative of i**4/12 + i**3 - 3*i**2/2 + 8*i. Let u be 26/(-4) + (-3)/(-2). Let d = u + -1. Give a(d).
-3
Let f(m) = -2*m**2 + 14*m + 5. Let p be f(7). Let j(l) = -2*l + 9*l**2 - p*l**2 + 6 - 5*l**2 - l. Let x be 15 + -11 - 9*1. What is j(x)?
-4
Let j(w) be the third derivative of -w**8/20160 - w**7/840 - w**6/720 + 13*w**5/60 - 32*w**2. Let h(u) be the third derivative of j(u). What is h(-7)?
-8
Let r(d) = -4*d + 3. Let b(o) be the third derivative of -o**4/24 + o**3/6 + 7*o**2. Let y(s) = 3*b(s) - r(s). Give y(6).
6
Let o(b) = 2*b + 3. Suppose 5*y + 15 = -5*r, -8*r = -3*r + 5. What is o(y)?
-1
Let q(r) = r**3 + r**2 + 2*r - 2. Let a(n) = 4*n**3 + 8*n**2 + 6*n - 8. Let g(h) = a(h) - 3*q(h). Calculate g(-3).
16
Let b(z) = -z - 4. Let p(d) = d - 1. Let v be p(-9). Let t be b(v). Let q(a) = a**3 - 7*a**2 + 8*a - 8. Calculate q(t).
4
Let l(z) = -3*z - 2 + 2*z + 7. Suppose -4*n = 5*q - 0 - 5, 2*q = -6. Let a(m) = -m**2 + 6*m. Let t be a(n). Give l(t).
0
Let s be 6/27 + (-610)/(-9). Suppose j = -4*c - s, -2*c = -3*c + 2*j - 17. Let l = c + 11. Let z(m) = -m + 1. Give z(l).
7
Let f(z) = -z**2 - 10*z + 34. Let p be f(3). Let o(n) = 5*n + 3. Calculate o(p).
-22
Let c(j) = 28*j - 57. Let v(a) = -10*a + 20. Let n(w) = -4*c(w) - 11*v(w). Give n(0).
8
Let h(c) be the third derivative of -5*c**4/24 - 34*c**2. Calculate h(1).
-5
Let x(v) = -v - 1. Let k(f) = -f**2 - 2*f + 5. Let l(q) = -k(q) - 6*x(q). Give l(-8).
1
Let k(o) = -2*o - 3. Let l(s) = s + 2. Let w(m) = 4*k(m) + 7*l(m). What is w(4)?
-2
Let z be 6 - ((-14)/6 + (-4)/6). Let n be 3/z*(-3)/1. Let i(p) = -23*p**2 - p - 1. Determine i(n).
-23
Let z(w) = w**2 + 9*w + 17. Let x(l) = -2*l**2 - 42*l + 139. Let c be x(3). Calculate z(c).
-3
Let x(i) = -i**3 + 2*i + 3. Let t(c) = -c**2 + 10*c + 9. Let a be t(11). What is x(a)?
7
Let d(f) = 2*f**3 - 2*f**2 - 2*f + 2. Let m be 2/(-7)*(-2 - 1 - 4). Give d(m).
6
Suppose -x = 4 - 0. Let t(o) be the second derivative of o**4/12 + o**3/2 - o**2 - 260*o. What is t(x)?
2
Let z be ((-154)/(-21) - 9)/(10/36). Let k(t) = t**2 + 3*t - 11. Determine k(z).
7
Let z(v) be the third derivative of v**6/360 - v**5/20 - 5*v**4/24 - v**3/6 + 3*v**2. Let s(a) be the first derivative of z(a). What is s(7)?
2
Suppose -2*o + 2 = -0. Let x(h) be the third derivative of -h**6/20 - h**5/60 + h**4/12 - h**3/6 - 50*h**2. Calculate x(o).
-6
Let r(p) be the first derivative of -p**4/24 + 8*p**3/3 - 7*p**2 + 21. Let f(i) be the second derivative of r(i). Determine f(7).
9
Let p(o) = o**3 + 5*o**2 + 9*o + 9. Let n be p(-2). Let j(h) = -h + 3. What is j(n)?
0
Let x(m) = -m**2 - 146*m - 4894. Let t be x(-94). Let v(c) = c**3 - 3*c**2 + 6 + 5*c**2 + 3*c**2 - 5*c. Calculate v(t).
0
Let h(u) be the second derivative of -u**5/5 + u**4/6 + u**3/2 + u**2 + 17*u - 1. Calculate h(-1).
5
Let c(s) = -s**2 + 20*s + 47. Let u be c(22). Suppose -3*o + 7*o - u*f + 39 = 0, f = 2*o + 17. Let w(j) = j + 7. What is w(o)?
1
Suppose 5*m - 36 = -y + 5, -2*y + 42 = 5*m. Let r(z) = 4*z**2 - 6*z + 2. Let s(v) = 11*v**2 - 19*v + 6. Let u(b) = -8*r(b) + 3*s(b). Give u(m).
-6
Suppose 72*n = 91*n + 95. Let t(d) = -d - 9. Calculate t(n).
-4
Suppose 0*y + 4*v + 12 = -2*y, 5*y + 4*v + 6 = 0. Let b(k) = -3*k**3 + 2*k**2 - 4*k + 3. Calculate b(y).
-21
Let u(k) = -2*k + 2. Let x be u(-4). Let g(b) = 0*b**2 - 10 + x + b**2. Give g(0).
0
Suppose -5*y = 4*x - 11, 6*x - 4*x + y = 7. Suppose 4 = 4*g - x. Let j(h) = 6*h. Give j(g).
12
Let t be ((-4)/6)/((-1)/(-6)). Let h(b) be the second derivative of 0 - 9*b + 2*b**2 - 1/12*b**4 - 1/2*b**3. What is h(t)?
0
Let x(t) = t**2 - t - 5. Let a be ((0 - 6) + 6)*(-1)/(-3). Give x(a).
-5
Let m(c) = -2*c**3 - 6*c**2 - 5*c - 5. Let v(l) = -l**3 - l**2 - l - 1. Let q(j) = -m(j) + 3*v(j). Give q(4).
-6
Let v(w) be the secon